 be b(-5). Suppose -15*t + q*t - 1756 = 0. Suppose -7*k = t - 2238. What is the hundreds digit of k?
2
Let w(k) = -2*k**2 + 7*k - 33. Let r(p) = 3*p**2 - 14*p + 66. Let l(g) = -2*r(g) - 5*w(g). What is the hundreds digit of l(-9)?
4
Let o = 24168 - 14456. What is the tens digit of o?
1
Let a(r) = 14*r - 4. Let x be a(2). Suppose -x*s + 20*s = 156. Let d = 102 + s. What is the tens digit of d?
6
Let a be 310/110 - (-2 + 40/22). Suppose -l - 9768 = a*l. What is the units digit of (-2)/7 + l/(-21)?
6
What is the thousands digit of 2/(-9) + 288211/99 + -12 - 0?
2
Suppose 3*f + 76 = -17. What is the hundreds digit of (2 - 9/4)/(f/144212)?
1
Let k be 2/(0 + 8) - 161/(-28). Let v(q) = -k - 6 - 8 + 9*q + 3. What is the units digit of v(11)?
2
Suppose -2*g + 10039 + 1279 = 2*z, -16975 = -3*z - 5*g. What is the units digit of z?
0
What is the ten thousands digit of ((-74)/111)/(1/(-56832))?
3
Let n(r) be the third derivative of -r**5/60 - 3*r**4/8 - 11*r**3/6 + 12*r**2. Let l be n(-7). What is the tens digit of (-45 - 4)*(-1*3)/l?
4
Suppose 2*k - 46 = -5*j, -2*k - 3*k - 4*j + 81 = 0. Suppose -18*o = -k*o. Suppose 2*d - 3*g - 30 = o, -3*d + 0*g + 45 = 4*g. What is the units digit of d?
5
Let j(i) = -i**3 - 6*i**2 + 210*i + 159. What is the hundreds digit of j(-24)?
4
Let a(z) = -z**3 - 9*z**2 + 19*z - 33. Let w be a(-11). Suppose 225 = -w*s + 3*s. What is the units digit of s?
5
Suppose 866 - 10188 = -5*d + 4*v, -5*d = 2*v - 9334. What is the units digit of d?
6
Let c(g) = -2*g**2 + 71*g - 32. Let p be c(35). Suppose 0 = p*k - 9, -8*s - 4*k = -5*s - 1029. What is the hundreds digit of s?
3
Let b = -114 + 346. Suppose f - 4 - b = 0. Suppose -4*m - 5*l = -4*l - f, -l + 294 = 5*m. What is the tens digit of m?
5
Suppose 0 = -13*j - 5*j + 95958. Suppose -660 = 9*v - j. What is the tens digit of v?
1
Suppose -14435 = -4*q - c, 5*c - 3623 = -33*q + 32*q. What is the hundreds digit of q?
6
What is the units digit of (-1 - 7) + 44/11*6255?
2
Let y(r) = 2*r**2 + r - 1. Let c(w) = -w + 5. Let m be c(4). Let s be y(m). Let v = 11 + s. What is the units digit of v?
3
Suppose -14*z = -39*z + 13*z + 428052. What is the units digit of z?
1
Let l(o) = -123*o - 149. Let p be l(-13). Let c = -400 + p. What is the units digit of c?
0
Suppose 4*a = v + 13, -6*v - 3 = -3*v. Suppose a*s + 36 = -3*s. What is the units digit of (-15)/45 + (-170)/s?
8
Let b = -334 + 325. What is the hundreds digit of 26/39 - 16959/b?
8
Suppose 454*n - 471*n = -47175. What is the hundreds digit of n?
7
Let v(t) be the third derivative of t**5/40 + 5*t**4/12 + t**3/2 + 22*t**2. Let z(f) be the first derivative of v(f). What is the tens digit of z(9)?
3
Let w(m) = -260*m - 245 - 282 + 846 - 282. What is the units digit of w(-3)?
7
Let r(n) be the first derivative of 97*n**2/2 - 43*n + 119. What is the units digit of r(1)?
4
Let z be 8 + (-3 - (5 - 11)). What is the tens digit of z/(-22) - (-4635)/6?
7
Suppose 5*w + 448 - 1283 = 0. Let c = 519 - w. What is the units digit of c?
2
Let v(y) = y**3 - 21*y**2 - 97*y - 34. Let x be v(25). Suppose -36*o = -x*o + 8155. What is the hundreds digit of o?
6
Suppose 3*c = 36*n - 40*n + 7771, -c + 3887 = 2*n. What is the units digit of n?
5
Suppose -18*u - 195 = 3. What is the hundreds digit of 1009 - (13 + u - (-2 + 2))?
0
Let z = -304 + 326. What is the tens digit of (-2 - z/(-4))/(9/522)?
0
Suppose -9*b = -21*b + 276. Suppose 8*j - 3038 = -b*j. What is the units digit of j?
8
Let r be (-28)/(-6)*78/4. Suppose 2*d - r = 5*b, 2*d + 4*b - 41 = 41. What is the tens digit of d?
4
Suppose 0 = -8*q + 3*q - 1715. Let w = q - -638. What is the hundreds digit of w?
2
Let z(k) = -1180*k - 3189. What is the tens digit of z(-27)?
7
Let g = 315 - 306. Suppose g*x - 3379 = -193. What is the hundreds digit of x?
3
Suppose 142*f = 5*p + 141*f - 38233, 15301 = 2*p - 3*f. What is the thousands digit of p?
7
Suppose -10*c + 249158 = 20*c - 437242. What is the ten thousands digit of c?
2
Let b(w) = -w**3 - 16*w**2 + 37*w + 26. Let q be 12/7*(-294)/28. What is the units digit of b(q)?
8
Let m = -29387 + 64944. What is the ten thousands digit of m?
3
Let p = 4342 + -3422. What is the hundreds digit of p?
9
Let s = -127 + 105. Let g = s + 33. Suppose -3*q + 94 = -g. What is the units digit of q?
5
Let h(x) = x**3 - x**2 + 4*x + 418. Let c be 18/30 + (-15)/25. What is the tens digit of h(c)?
1
What is the units digit of -2 - -36135 - ((5 - (-14)/(-2)) + -2)?
7
Let r be 2/(-6) - (-6 + (-1838)/6). What is the tens digit of r*1 + 28 + -32?
0
Let d(v) = v**2 - 24*v - 171. Let t be d(27). What is the hundreds digit of (-23706)/t - ((-3)/5 - -1)?
2
Let a(j) = -j**2 + 25*j + 88. Let z be a(27). Let o = z - -132. What is the tens digit of o?
6
Let d = -5692 - -5981. What is the hundreds digit of d?
2
Let j = 489 + -485. Suppose 2*r = 3*n + 188, -j*n + 7*n = r - 94. What is the tens digit of r?
9
Let j = -906 + 899. What is the tens digit of (-14)/((-588)/20862) - 2/j?
9
Let l(f) = 919*f**3 - 9*f**2 + 48*f - 66. What is the units digit of l(2)?
6
What is the hundreds digit of -37 + 25 - (-4050 + 0)?
0
Let h(m) = -940*m + 5473. What is the hundreds digit of h(-17)?
4
Let r(z) = -735*z**3 - 3*z**2 + 14*z + 28. Let o be r(-2). Suppose o = 35*b - 26*b. What is the tens digit of b?
5
Suppose 0 = -2*o - 5*z + 5983, 3*o - 3358 - 5604 = -5*z. What is the units digit of o?
9
Let k = 173 - 166. Suppose -k*x + 3354 + 4710 = 0. What is the hundreds digit of x?
1
Let r = 264 + -161. Suppose -2*b = 3*c + 294, b + 42 = -c - r. Let l = 22 - b. What is the units digit of l?
3
Let n = 231 + 441. Suppose 11*c - 5*c - n = 0. Suppose -3*b + 637 - c = 0. What is the units digit of b?
5
Suppose 15*c - 3*c = -3000. Let v = c - -302. What is the units digit of v?
2
Let g = -326 + -563. Let f = -697 - g. What is the tens digit of f?
9
Let s(p) = -p - 8. Let z be s(-8). Suppose -6*m - 11 - 7 = z. Let g(c) = -2*c**3 + 3*c**2 - 2*c + 6. What is the units digit of g(m)?
3
Let u = 149 - 269. Let g = u + 130. Suppose -210 = -g*q + 5*q. What is the units digit of q?
2
Let v be (70/8)/((-4)/(-16) - 0). Let a = v - 33. Suppose 2*y + 66 = 6*y - a*q, 0 = q - 1. What is the tens digit of y?
1
Let z(n) = -n**2 - 2*n + 48. Let m(s) = 19*s + 33. Let v be m(-2). What is the tens digit of z(v)?
3
Let a = 196 + -135. Let d = a + -58. Suppose 4*g = -g - 3*h + 317, 2*g - d*h = 110. What is the tens digit of g?
6
Let i be (840120/(-27))/(-5) - 24/216. What is the units digit of (20/(-35))/((-14)/i) + -6?
8
Let c = 577 - 408. Suppose 2*o = 3*o + 3*q - c, 3*o - 507 = -5*q. Let w = o - 26. What is the units digit of w?
3
Suppose 3*t + 4*m + 165 - 902 = 0, m = -4. What is the units digit of -2 - -2 - (-3)/(3/t)?
1
Suppose y + 0*y - 3 = -n, 2*y = 3*n + 31. Suppose -4*s + 2*d - 114 + y = 0, 5*d + 15 = 0. What is the units digit of 301/s*(-4 - 0)?
3
Let n(k) = 91*k**2 - 95*k + 41. What is the thousands digit of n(24)?
0
Let h(r) = 8*r**2 - 54*r - 7. Let k be h(7). Suppose -k*w = -10*w - g + 914, 0 = -4*w - g + 1219. What is the tens digit of w?
0
Let g(r) = 52701*r**2 + 880*r - 878. What is the thousands digit of g(1)?
2
Suppose -57308 = -18*m - 7938 + 319054. What is the units digit of m?
8
Let p = 1021 - 476. Suppose -3*t = 17*t - 120. Suppose -379 - p = -t*d. What is the tens digit of d?
5
Let j(y) be the third derivative of y**5/60 - y**4/24 - 5*y**3/6 + 3*y**2. Suppose 56*o - 61*o = 25. What is the tens digit of j(o)?
2
Let w = 29959 - 14803. What is the hundreds digit of w?
1
Let c be (160 + -161)*2*43/2. What is the tens digit of c/(-6) - 7 - (-2519)/6?
2
Let j(s) = 4*s**3 + s**2 + s + 2540. What is the hundreds digit of j(0)?
5
Let u be 0/2 - (3 - (-426)/2). Let h = -76 - u. Suppose 4 = r, 2*a - 4*r - 40 - h = 0. What is the units digit of a?
8
What is the hundreds digit of (-2)/8*-187560 - (0/1 - 8)?
8
What is the thousands digit of 6/6*-1*(-8356)/4?
2
Let c be (-10)/15*(-14 - -4 - -4). Let n(p) = 4 + 2 - p**2 + p**3 - 7 + 3*p. What is the tens digit of n(c)?
5
Let k be (-1 + 0)*(2 + -1) + 1. Suppose -4*p = -m - 1275, -2*m - m + 3 = k. What is the units digit of p?
9
Suppose 471*u + 448*u = 863*u + 1405320. What is the ten thousands digit of u?
2
Let y = 412 + 147. Let v = 960 - y. What is the tens digit of v?
0
Let i(k) = 893 - 40*